late the highest common factor of 2649 and 210441858.
2649
Calculate the greatest common factor of 1088 and 3078752.
32
Calculate the highest common divisor of 86332 and 138425.
113
Calculate the greatest common divisor of 95 and 2045768.
19
What is the highest common factor of 56511 and 6205745?
2093
What is the highest common divisor of 9168082 and 4827?
1609
What is the highest common factor of 160679 and 533?
41
What is the greatest common factor of 52220583 and 459?
153
Calculate the highest common factor of 5557872 and 53934.
534
Calculate the greatest common factor of 1760 and 14905.
55
Calculate the greatest common factor of 56 and 112998872.
56
Calculate the greatest common factor of 222133400 and 72.
8
What is the highest common divisor of 359181 and 44361?
1431
What is the highest common divisor of 3591820 and 20?
20
Calculate the greatest common divisor of 12 and 62059146.
6
Calculate the highest common factor of 65 and 9328345.
65
What is the highest common factor of 7753041 and 8028?
2007
What is the highest common divisor of 92 and 32196182?
46
What is the greatest common factor of 3342114 and 207090?
3186
Calculate the greatest common factor of 4306832 and 31184.
16
What is the highest common divisor of 161727 and 76911?
93
Calculate the greatest common divisor of 435194 and 7918.
74
Calculate the greatest common factor of 513 and 30906.
9
What is the greatest common divisor of 17493935 and 2770?
1385
Calculate the greatest common factor of 12549726 and 6.
6
Calculate the highest common factor of 6756 and 4153476.
12
Calculate the greatest common factor of 22582834 and 760138.
9622
What is the greatest common divisor of 284 and 9886111?
71
Calculate the greatest common factor of 147183760 and 80.
80
What is the highest common divisor of 8293840 and 8858?
86
What is the highest common factor of 30478 and 24630578?
4354
Calculate the highest common divisor of 1971 and 34592364.
657
What is the greatest common factor of 773 and 571247?
773
What is the highest common factor of 9 and 15240249?
9
What is the greatest common factor of 78609768 and 3519?
1173
What is the highest common divisor of 771977 and 101048?
743
What is the highest common divisor of 306 and 12851592?
102
What is the greatest common factor of 53254184 and 2676?
892
What is the highest common factor of 1129 and 731796349?
1129
What is the highest common divisor of 136069233 and 13385?
2677
What is the highest common divisor of 2249000 and 1352?
104
Calculate the highest common factor of 20434856 and 1081.
23
What is the highest common divisor of 219021240 and 960?
120
What is the highest common divisor of 184952 and 157441?
61
What is the highest common divisor of 721552 and 226928?
208
Calculate the highest common divisor of 88202543 and 10933.
377
What is the highest common factor of 31 and 18826579?
31
Calculate the highest common factor of 137696 and 115232.
416
What is the greatest common factor of 1338786 and 2466?
18
Calculate the greatest common factor of 6987795 and 1883415.
3615
Calculate the greatest common divisor of 1058 and 7152609.
529
Calculate the greatest common factor of 94810889 and 58.
29
What is the greatest common divisor of 36738 and 159822?
234
Calculate the highest common factor of 46902790 and 220.
110
What is the highest common factor of 133296 and 84264?
24
Calculate the highest common divisor of 23216 and 8624.
16
Calculate the highest common factor of 235 and 118603137.
47
What is the greatest common divisor of 274589 and 112?
7
Calculate the greatest common factor of 31903 and 610341.
523
What is the highest common factor of 133 and 162568?
7
Calculate the highest common divisor of 902940 and 1685690.
1010
Calculate the greatest common divisor of 8583 and 14199143.
2861
Calculate the greatest common factor of 96800 and 1986.
2
Calculate the greatest common divisor of 219149 and 4662.
7
What is the greatest common divisor of 14889476 and 142?
2
Calculate the greatest common divisor of 3084250 and 598.
26
What is the greatest common divisor of 2988 and 5606816?
332
What is the greatest common divisor of 84 and 1312776?
12
Calculate the highest common factor of 2004 and 4404804.
12
What is the greatest common factor of 101781 and 2245632?
129
Calculate the greatest common factor of 42052417 and 22.
11
What is the highest common factor of 10305 and 391095?
45
What is the greatest common factor of 1094395 and 235?
235
Calculate the greatest common divisor of 121 and 57282731.
121
Calculate the highest common factor of 413969 and 22132.
503
What is the greatest common divisor of 77971949 and 22?
11
Calculate the greatest common divisor of 152 and 26583508.
76
What is the greatest common divisor of 974 and 17007501?
487
What is the highest common factor of 12 and 188247624?
12
What is the highest common factor of 130 and 4394310?
10
What is the greatest common divisor of 622778 and 1751387?
1409
Calculate the highest common divisor of 1744649844 and 14.
14
What is the greatest common factor of 276584 and 216?
8
What is the highest common divisor of 233 and 1516195308?
233
Calculate the greatest common factor of 81 and 162386046.
81
What is the highest common factor of 400 and 63417600?
400
What is the greatest common factor of 71883 and 873?
9
Calculate the greatest common divisor of 2678 and 123544174.
2678
What is the greatest common factor of 1607408 and 132?
44
Calculate the greatest common factor of 583 and 1921939.
53
Calculate the greatest common divisor of 187166 and 28826.
406
What is the highest common factor of 1186216 and 928?
232
What is the highest common divisor of 451877265 and 490?
245
What is the greatest common divisor of 4580 and 187820?
20
Calculate the highest common divisor of 93190 and 2255.
5
What is the highest common divisor of 3790 and 120000?
10
Calculate the highest common divisor of 28888 and 13524.
92
What is the highest common divisor of 3306 and 43903158?
174
Calculate the highest common divisor of 2021 and 1066853.
47
Calculate the greatest common factor of 71169880 and 40.
40
What is the highest common divisor of 5661 and 43813476?
333
What is the greatest common divisor of 15715 and 111604787?
3143
Calculate the highest common divisor of 185835825 and 25200.
1575
Calculate the greatest common divisor of 1008 and 34935152.
112
Calculate the greatest common factor of 634 and 11486.
2
Calculate the highest common divisor of 37673 and 28583.
101
What is the greatest common divisor of 176818624 and 96?
32
Calculate the greatest common factor of 31773423 and 37488.
2343
What is the greatest common factor of 20001123 and 1282?
641
What is the greatest common factor of 1905150 and 850?
50
Calculate the highest common divisor of 3944 and 694552.
136
What is the highest common divisor of 1920 and 26493?
3
What is the greatest common factor of 14396265 and 608985?
1755
What is the greatest common divisor of 20032100 and 110?
110
Calculate the greatest common divisor of 51090 and 5675865.
195
Calculate the highest common divisor of 16227 and 1549.
1
Calculate the greatest common divisor of 4672 and 8623052.
292
Calculate the highest common divisor of 40 and 1593235.
5
Calculate the highest common factor of 149180876 and 78.
26
Calculate the greatest common factor of 254056416 and 48.
48
Calculate the highest common factor of 16472 and 17803108.
284
What is the highest common factor of 16042 and 1226675593?
8021
Calculate the highest common divisor of 7931 and 4165938.
721
What is the greatest common divisor of 9568215 and 2880?
45
Calculate the highest common divisor of 74881600 and 2753.
2753
What is the greatest common divisor of 1245738 and 1248?
78
Calculate the highest common factor of 918 and 739817118.
918
What is the highest common divisor of 1896 and 171538467?
237
What is the greatest common factor of 2535 and 665985?
15
What is the greatest common factor of 283 and 2740277963?
283
Calculate the greatest common factor of 7825613 and 1163193.
5461
What is the greatest common factor of 13858 and 21381204?
338
What is the highest common divisor of 401408 and 882?
98
Calculate the highest common divisor of 4017 and 75666890.
1339
What is the highest common divisor of 109824 and 75765888?
4224
Calculate t